 tens digit of 5319472?
7
What is the units digit of 254168?
8
What is the ten thousands digit of 141350?
4
What is the hundreds digit of 1318298?
2
What is the units digit of 315175?
5
What is the hundreds digit of 6392189?
1
What is the millions digit of 8325901?
8
What is the ten thousands digit of 3013764?
1
What is the units digit of 12658458?
8
What is the millions digit of 13048492?
3
What is the millions digit of 1363707?
1
What is the tens digit of 3373770?
7
What is the hundreds digit of 84757?
7
What is the thousands digit of 2521409?
1
What is the millions digit of 2652392?
2
What is the thousands digit of 224069?
4
What is the hundreds digit of 630993?
9
What is the millions digit of 7909077?
7
What is the thousands digit of 20860386?
0
What is the tens digit of 3494?
9
What is the thousands digit of 26335522?
5
What is the tens digit of 7056450?
5
What is the tens digit of 736590?
9
What is the thousands digit of 8327180?
7
What is the hundred thousands digit of 424476?
4
What is the ten thousands digit of 1780824?
8
What is the units digit of 367583?
3
What is the tens digit of 298598?
9
What is the thousands digit of 203126?
3
What is the thousands digit of 38843500?
3
What is the hundreds digit of 444?
4
What is the hundred thousands digit of 11292012?
2
What is the millions digit of 2658279?
2
What is the hundred thousands digit of 1779251?
7
What is the thousands digit of 1439319?
9
What is the hundred thousands digit of 1167156?
1
What is the ten thousands digit of 297592?
9
What is the units digit of 15617815?
5
What is the hundred thousands digit of 650649?
6
What is the thousands digit of 228577?
8
What is the ten thousands digit of 236139?
3
What is the units digit of 35539794?
4
What is the tens digit of 694713?
1
What is the units digit of 3551993?
3
What is the units digit of 851713?
3
What is the hundred thousands digit of 108752?
1
What is the hundreds digit of 97381?
3
What is the thousands digit of 547208?
7
What is the millions digit of 1921328?
1
What is the thousands digit of 23624162?
4
What is the tens digit of 713889?
8
What is the hundreds digit of 3335043?
0
What is the hundred thousands digit of 122860?
1
What is the units digit of 125066?
6
What is the hundreds digit of 249426?
4
What is the hundreds digit of 344646?
6
What is the tens digit of 223264?
6
What is the thousands digit of 389806?
9
What is the thousands digit of 52714?
2
What is the hundred thousands digit of 1466388?
4
What is the units digit of 1509444?
4
What is the tens digit of 225210?
1
What is the ten thousands digit of 1023182?
2
What is the units digit of 3493026?
6
What is the tens digit of 83154?
5
What is the thousands digit of 420013?
0
What is the hundreds digit of 84237?
2
What is the hundred thousands digit of 141996?
1
What is the thousands digit of 155195?
5
What is the thousands digit of 958557?
8
What is the units digit of 1134971?
1
What is the ten thousands digit of 4833498?
3
What is the ten millions digit of 15455218?
1
What is the units digit of 512624?
4
What is the ten thousands digit of 969327?
6
What is the millions digit of 2141757?
2
What is the ten thousands digit of 128203?
2
What is the tens digit of 7013847?
4
What is the tens digit of 197905?
0
What is the tens digit of 12520243?
4
What is the ten thousands digit of 180516?
8
What is the hundreds digit of 6914120?
1
What is the hundreds digit of 9636205?
2
What is the ten thousands digit of 190273?
9
What is the thousands digit of 119675?
9
What is the units digit of 33810337?
7
What is the tens digit of 2340517?
1
What is the ten thousands digit of 21975?
2
What is the ten thousands digit of 4489000?
8
What is the ten millions digit of 17664340?
1
What is the thousands digit of 68652?
8
What is the hundred thousands digit of 463948?
4
What is the units digit of 1709820?
0
What is the thousands digit of 734499?
4
What is the hundred thousands digit of 1577882?
5
What is the units digit of 877349?
9
What is the hundred thousands digit of 421497?
4
What is the thousands digit of 871913?
1
What is the thousands digit of 442759?
2
What is the thousands digit of 16796?
6
What is the hundreds digit of 1237352?
3
What is the tens digit of 1242107?
0
What is the tens digit of 4946625?
2
What is the thousands digit of 716603?
6
What is the hundreds digit of 18276619?
6
What is the hundreds digit of 720066?
0
What is the hundred thousands digit of 1460330?
4
What is the units digit of 1357753?
3
What is the ten thousands digit of 4012310?
1
What is the tens digit of 13434509?
0
What is the hundreds digit of 8097411?
4
What is the thousands digit of 679776?
9
What is the tens digit of 573865?
6
What is the tens digit of 5871919?
1
What is the hundreds digit of 1019230?
2
What is the hundreds digit of 4320075?
0
What is the hundreds digit of 21220272?
2
What is the tens digit of 1235734?
3
What is the millions digit of 11511334?
1
What is the hundreds digit of 514015?
0
What is the ten thousands digit of 622648?
2
What is the thousands digit of 1145537?
5
What is the hundreds digit of 3553538?
5
What is the hundreds digit of 10854458?
4
What is the units digit of 219871?
1
What is the hundreds digit of 1597610?
6
What is the thousands digit of 21449323?
9
What is the hundreds digit of 22745762?
7
What is the units digit of 9816362?
2
What is the hundred thousands digit of 313867?
3
What is the thousands digit of 2217873?
7
What is the ten thousands digit of 14264812?
6
What is the ten thousands digit of 223785?
2
What is the tens digit of 8884256?
5
What is the thousands digit of 16158120?
8
What is the thousands digit of 1087540?
7
What is the hundreds digit of 26133056?
0
What is the tens digit of 8061842?
4
What is the units digit of 552089?
9
What is the millions digit of 3969781?
3
What is the hundred thousands digit of 146442?
1
What is the units digit of 336835?
5
What is the thousands digit of 1646856?
6
What is the units digit of 4752094?
4
What is the millions digit of 1541367?
1
What is the tens digit of 3269582?
8
What is the tens digit of 58109?
0
What is the tens digit of 17715116?
1
What is the hundred thousands digit of 276841?
2
What is the thousands digit of 1247113?
7
What is the ten thousands digit of 490131?
9
What is the units digit of 4392996?
6
What is the units digit of 21136?
6
What is the ten thousands digit of 487261?
8
What is the hundreds digit of 26436169?
1
What is the tens digit of 363769?
6
What is the ten millions digit of 16316355?
1
What is the ten thousands digit of 1372696?
7
What is the tens digit of 5235049?
4
What is the thousands digit of 326527?
6
What is the tens digit of 1214202?
0
What is the hundreds digit of 2931526?
5
What is the tens digit of 75077?
7
What is the hundred thousands digit of 9073697?
0
What is the hundred thousands digit of 301023?
3
What is the tens digit of 7049483?
8
What is the tens digit of 249357?
5
What is the thousands digit of 2409084?
9
What is the millions digit of 9295276?
9
What is the units digit of 1130469?
9
What is the hundred thousands digit of 2243240?
2
What is the thousands digit of 31045179?
5
What is the tens digit of 4430215?
1
What is the hundreds digit of 495635?
6
What is the millions digit of 20179982?
0
What is the ten thousands digit of 3993977?
9
What is the tens digit of 412107?
0
What is the units digit of 24973?
3
What is the units digit of 165496?
6
What is the tens digit of 4913741?
4
What is the hundred thousands digit of 125913?
1
What is the ten thousands digit of 459943?
5
What is the thousands digit of 36359?
6
What is the units digit of 16211175?
5
What is the millions digit of 3809279?
3
What is the units digit of 23180124?
4
What is the tens digit of 427004?
0
What is the units digit of 24561610?
0
What is the millions digit of 7600933?
7
What is the ten thousands digit of 11260?
1
What is the hundred thousands digit of 377642?
3
What is the ten thousands digit of 15637494?
3
What is the tens digit of 821514?
1
What is the thousands digit of 351091?
1
What is the thousands digit of 59154?
9
What is the hundreds digit of 1852126?
1
What is the hundred thousands digit of 6160421?
1
What is the hundreds digit of 1143532?
5
What is the ten thousands digit of